{"id":10402,"date":"2025-07-08T22:11:56","date_gmt":"2025-07-09T02:11:56","guid":{"rendered":"https:\/\/www.servicesfunerairesazur.ca\/avis-de-deces\/michele-robitaille\/"},"modified":"2025-12-20T01:35:51","modified_gmt":"2025-12-20T06:35:51","slug":"michele-robitaille","status":"publish","type":"obituary","link":"https:\/\/www.servicesfunerairesazur.ca\/en\/avis-de-deces\/michele-robitaille\/","title":{"rendered":"Mich\u00e8le Robitaille"},"excerpt":{"rendered":"<p>In Montreal, on June 16, 2025, Mich\u00e8le Robitaille passed away. She is survived by her brothers and sisters Pierre (Pierrette), Andr\u00e9, deceased (Denise), Francine (R\u00e9mi), Claudine, Jacques (Lyne), nieces and nephews, cousins, and friends. <\/p>\n","protected":false},"featured_media":0,"menu_order":0,"template":"","meta":{"_acf_changed":false,"inline_featured_image":false,"site-sidebar-layout":"default","site-content-layout":"","ast-site-content-layout":"default","site-content-style":"default","site-sidebar-style":"default","ast-global-header-display":"","ast-banner-title-visibility":"","ast-main-header-display":"","ast-hfb-above-header-display":"","ast-hfb-below-header-display":"","ast-hfb-mobile-header-display":"","site-post-title":"","ast-breadcrumbs-content":"","ast-featured-img":"","footer-sml-layout":"","ast-disable-related-posts":"","theme-transparent-header-meta":"default","adv-header-id-meta":"","stick-header-meta":"","header-above-stick-meta":"","header-main-stick-meta":"","header-below-stick-meta":"","astra-migrate-meta-layouts":"default","ast-page-background-enabled":"default","ast-page-background-meta":{"desktop":{"background-color":"var(--ast-global-color-4)","background-image":"","background-repeat":"repeat","background-position":"center center","background-size":"auto","background-attachment":"scroll","background-type":"","background-media":"","overlay-type":"","overlay-color":"","overlay-opacity":"","overlay-gradient":""},"tablet":{"background-color":"","background-image":"","background-repeat":"repeat","background-position":"center center","background-size":"auto","background-attachment":"scroll","background-type":"","background-media":"","overlay-type":"","overlay-color":"","overlay-opacity":"","overlay-gradient":""},"mobile":{"background-color":"","background-image":"","background-repeat":"repeat","background-position":"center center","background-size":"auto","background-attachment":"scroll","background-type":"","background-media":"","overlay-type":"","overlay-color":"","overlay-opacity":"","overlay-gradient":""}},"ast-content-background-meta":{"desktop":{"background-color":"var(--ast-global-color-5)","background-image":"","background-repeat":"repeat","background-position":"center center","background-size":"auto","background-attachment":"scroll","background-type":"","background-media":"","overlay-type":"","overlay-color":"","overlay-opacity":"","overlay-gradient":""},"tablet":{"background-color":"var(--ast-global-color-5)","background-image":"","background-repeat":"repeat","background-position":"center center","background-size":"auto","background-attachment":"scroll","background-type":"","background-media":"","overlay-type":"","overlay-color":"","overlay-opacity":"","overlay-gradient":""},"mobile":{"background-color":"var(--ast-global-color-5)","background-image":"","background-repeat":"repeat","background-position":"center center","background-size":"auto","background-attachment":"scroll","background-type":"","background-media":"","overlay-type":"","overlay-color":"","overlay-opacity":"","overlay-gradient":""}}},"tags":[49],"class_list":["post-10402","obituary","type-obituary","status-publish","hentry","tag-paid-en"],"acf":[],"_links":{"self":[{"href":"https:\/\/www.servicesfunerairesazur.ca\/en\/wp-json\/wp\/v2\/obituary\/10402","targetHints":{"allow":["GET"]}}],"collection":[{"href":"https:\/\/www.servicesfunerairesazur.ca\/en\/wp-json\/wp\/v2\/obituary"}],"about":[{"href":"https:\/\/www.servicesfunerairesazur.ca\/en\/wp-json\/wp\/v2\/types\/obituary"}],"wp:attachment":[{"href":"https:\/\/www.servicesfunerairesazur.ca\/en\/wp-json\/wp\/v2\/media?parent=10402"}],"wp:term":[{"taxonomy":"post_tag","embeddable":true,"href":"https:\/\/www.servicesfunerairesazur.ca\/en\/wp-json\/wp\/v2\/tags?post=10402"}],"curies":[{"name":"wp","href":"https:\/\/api.w.org\/{rel}","templated":true}]}}

Michèle Robitaille

<p>In Montreal, on June 16, 2025, Michèle Robitaille passed away. She is survived by her brothers and sisters Pierre (Pierrette), André, deceased (Denise), Francine (Rémi), Claudine, Jacques (Lyne), nieces and nephews, cousins, and friends. </p>
